 -4 (base 16) to base 10.
-4
Convert -110 (base 4) to base 8.
-24
Convert -5 (base 11) to base 5.
-10
11 (base 16) to base 5
32
What is a8 (base 16) in base 10?
168
What is 0 (base 13) in base 4?
0
1 (base 2) to base 16
1
-11 (base 2) to base 4
-3
-19 (base 14) to base 11
-21
Convert 22 (base 3) to base 13.
8
Convert -20 (base 3) to base 5.
-11
What is 181 (base 12) in base 7?
463
11 (base 11) to base 13
c
What is 38 (base 13) in base 2?
101111
What is 1011001 (base 2) in base 8?
131
What is -24 (base 9) in base 12?
-1a
Convert -22 (base 15) to base 3.
-1012
-113 (base 6) to base 3
-1200
Convert -2 (base 7) to base 16.
-2
120 (base 3) to base 11
14
-23 (base 6) to base 16
-f
Convert -1011 (base 3) to base 11.
-29
101 (base 2) to base 3
12
What is -101 (base 3) in base 13?
-a
What is -1222 (base 4) in base 14?
-78
Convert 100 (base 2) to base 11.
4
What is -462 (base 8) in base 2?
-100110010
What is 2 (base 9) in base 15?
2
What is -c2 (base 16) in base 4?
-3002
What is 11 (base 5) in base 11?
6
-3 (base 15) to base 9
-3
What is 6b (base 14) in base 10?
95
-1 (base 9) to base 6
-1
What is 3 (base 13) in base 12?
3
Convert 1100010 (base 2) to base 6.
242
22 (base 4) to base 14
a
1 (base 8) to base 2
1
Convert -11 (base 11) to base 10.
-12
Convert -110 (base 2) to base 16.
-6
What is -4 (base 5) in base 4?
-10
Convert -100 (base 2) to base 8.
-4
-1234 (base 5) to base 7
-365
Convert -230 (base 5) to base 7.
-122
What is 31 (base 15) in base 3?
1201
Convert -33 (base 9) to base 5.
-110
Convert -7 (base 12) to base 15.
-7
Convert 1 (base 16) to base 8.
1
10 (base 3) to base 9
3
What is 3 (base 15) in base 5?
3
-115 (base 10) to base 13
-8b
What is 10000011 (base 2) in base 8?
203
Convert -1 (base 7) to base 2.
-1
Convert -6 (base 15) to base 9.
-6
What is 242 (base 7) in base 3?
11202
What is 18 (base 9) in base 7?
23
What is 4 (base 6) in base 16?
4
10101001 (base 2) to base 10
169
What is 5 (base 13) in base 15?
5
-4 (base 16) to base 10
-4
What is -101 (base 10) in base 3?
-10202
0 (base 16) to base 9
0
Convert -28 (base 9) to base 2.
-11010
Convert -124 (base 10) to base 14.
-8c
What is -40 (base 5) in base 4?
-110
Convert 3 (base 16) to base 5.
3
Convert 0 (base 12) to base 14.
0
Convert -19 (base 16) to base 12.
-21
What is -71 (base 14) in base 11?
-90
Convert 3 (base 11) to base 7.
3
Convert -d0 (base 14) to base 13.
-110
Convert -6 (base 11) to base 6.
-10
What is -122 (base 13) in base 9?
-238
10010001 (base 2) to base 12
101
Convert 2 (base 3) to base 16.
2
Convert -5 (base 16) to base 12.
-5
What is 0 (base 15) in base 16?
0
Convert -11 (base 9) to base 15.
-a
What is -15 (base 13) in base 10?
-18
1 (base 16) to base 8
1
Convert -15 (base 12) to base 8.
-21
Convert 1 (base 5) to base 10.
1
-1 (base 13) to base 12
-1
6 (base 9) to base 6
10
-2010 (base 3) to base 5
-212
Convert 1 (base 12) to base 5.
1
What is -22 (base 5) in base 11?
-11
What is -460 (base 9) in base 2?
-101111010
Convert 0 (base 15) to base 14.
0
10 (base 8) to base 14
8
21 (base 12) to base 3
221
Convert -8 (base 13) to base 2.
-1000
Convert -21 (base 12) to base 2.
-11001
Convert -24 (base 6) to base 13.
-13
What is 2 (base 6) in base 10?
2
What is 12 (base 4) in base 2?
110
4 (base 7) to base 5
4
What is -7 (base 16) in base 15?
-7
Convert -3 (base 5) to base 15.
-3
What is 10 (base 2) in base 4?
2
Convert -25 (base 11) to base 10.
-27
What is d9 (base 14) in base 16?
bf
Convert 16 (base 10) to base 5.
31
Convert 11022 (base 3) to base 2.
1110100
-142 (base 6) to base 16
-3e
What is -2 (base 4) in base 16?
-2
Convert 1 (base 16) to base 10.
1
What is 1232 (base 5) in base 13?
11a
What is 29 (base 12) in base 13?
27
What is 4c (base 13) in base 14?
48
71 (base 8) to base 15
3c
What is 40 (base 5) in base 12?
18
What is -1 (base 11) in base 2?
-1
-100 (base 2) to base 11
-4
Convert 124 (base 5) to base 13.
30
Convert 186 (base 15) to base 9.
430
Convert 302 (base 5) to base 16.
4d
Convert 236 (base 10) to base 8.
354
What is 34 (base 5) in base 7?
25
-4 (base 11) to base 3
-11
What is -13 (base 12) in base 8?
-17
303 (base 4) to base 13
3c
What is -1110 (base 5) in base 4?
-2123
What is 118 (base 10) in base 5?
433
What is 3 (base 10) in base 2?
11
What is 3 (base 12) in base 9?
3
What is -2 (base 4) in base 11?
-2
What is -254 (base 8) in base 13?
-103
What is 40 (base 7) in base 12?
24
7 (base 16) to base 13
7
What is 300 (base 6) in base 8?
154
Convert -203 (base 7) to base 2.
-1100101
-10 (base 5) to base 11
-5
Convert 21 (base 3) to base 13.
7
-20 (base 4) to base 12
-8
Convert 11111 (base 2) to base 10.
31
Convert -105 (base 12) to base 14.
-a9
Convert 5 (base 14) to base 4.
11
-3 (base 14) to base 16
-3
What is 3 (base 13) in base 8?
3
Convert 18 (base 11) to base 7.
25
Convert -107 (base 10) to base 14.
-79
What is 6a (base 15) in base 11?
91
What is 2300 (base 4) in base 6?
452
8 (base 15) to base 12
8
What is -1 (base 12) in base 9?
-1
Convert -13 (base 6) to base 2.
-1001
Convert 2 (base 6) to base 11.
2
10 (base 10) to base 14
a
What is 254 (base 7) in base 13?
a7
-1 (base 10) to base 12
-1
What is 13 (base 10) in base 11?
12
Convert 11 (base 5) to base 2.
110
-2 (base 12) to base 6
-2
Convert 1 (base 8) to base 7.
1
Convert 15 (base 6) to base 7.
14
Convert 55 (base 14) to base 10.
75
What is 210 (base 3) in base 13?
18
Convert -20 (base 5) to base 2.
-1010
Convert -10 (base 3) to base 14.
-3
-79 (base 13) to base 8
-144
Convert 3 (base 12) to base 7.
3
2 (base 9) to base 13
2
2 (base 11) to base 15
2
What is 32 (base 9) in base 7?
41
Convert -9 (base 12) to base 16.
-9
What is -2 (base 13) in base 16?
-2
What is 244 (base 5) in base 12?
62
What is -52 (base 11) in base 9?
-63
Convert -170 (base 10) to base 8.
-252
1 (base 3) to base 14
1
-330 (base 4) to base 10
-60
What is 2123 (base 4) in base 16?
9b
Convert -35 (base 6) to base 10.
-23
What is 3 (base 14) in base 8?
3
46 (base 7) to base 2
100010
40 (base 6) to base 13
1b
Convert -134 (base 9) to base 13.
-88
3 (base 8) to base 11
3
What is 55 (base 7) in base 14?
2c
What is -9 (base 12) in base 5?
-14
What is -209 (base 10) in base 15?
-de
What is 10 (base 4) in base 15?
4
13 (base 6) to base 14
9
Convert -54 (base 11) to base 4.
-323
-2a (base 15) to base 4
-220
-15 (base 12) to base 5
-32
Convert 10a (base 15) to base 9.
281
562 (base 7) to base 14
169
Convert -ac (base 15) to base 6.
-430
Convert -10 (base 7) to base 8.
-7
What is -12 (base 4) in base 16?
-6
What is -511 (base 7) in base 3?
-100101
What is 4 (base 15) in base 6?
4
Convert 66 (base 8) to base 7.
105
What is 10011010 (base 2) in base 6?
414
What is -19 (base 14) in base 13?
-1a
Convert 53 (base 9) to base 12.
40
What is 33 (base 6) in base 15?
16
3 (base 4) to base 2
11
What is 4 (base 7) in base 2?
100
Convert 0 (base 4) to base 11.
0
What is -12 (base 3) in base 14?
-5
b (base 16) to base 14
b
Convert 23 (base 12) to base 2.
11011
-8 (base 16) to base 3
-22
What is 29 (base 12) in base 3?
1020
Convert 221 (base 3) to base 8.
31
What is 14 (base 6) in base 15?
a
What is 81 (base 14) in base 10?
113
20 (base 12) to base 8
30
8 (base 16) to base 3
22
-53 (base 16) to base 5
-313
Convert 2 (base 9) to base 5.
2
What is -4 (base 16) in base 6?
-4
What is -251 (base 10) in base 16?
-fb
-37 (base 14) to base 15
-34
Convert 43 (base 10) to base 3.
1121
Convert -101101 (base 2) to base 3.
-1200
Convert 11 (base 15) to base 3.
121
8 (base 11) to base 6
12
3323 (base 4) to base 16
fb
Convert 1110 (base 2) to base 5.
24
-22 (base 3) to base 11
-8
What is aa (base 12) in base 14?
94
Convert 1101 (base 2) to base 11.
12
Convert -7 (base 14) to base 10.
-7
Convert 1 (base 5) to base 8.
1
-4 (base 7) to base 10
-4
What is -303 (base 4) in base 16?
-33
34 (base 11) to base 6
101
114 (base 5) to base 2
100010
What is -32 (base 4) in base 5?
-24
-74 (base 8) to base 12
-50
Convert 0 (base 3) to base 12.
0
What is -131 (base 4) in base 14?
-21
-4 (base 7) to base 13
-4
-16 (base 11) to base 12
-15
Convert 15 (base 7) to base 10.
12
What is -3 (base 14) in base 13?
-3
Convert -150 (base 7) to base 4.
-1110
-5 (base 10) to base 11
-5
-100 (base 11) to base 14
-89
-1 (base 2) to base 6
-1
What is -12 (base 12) in base 9?
-15
-1 (base 11) to base 7
